{"id":3083,"date":"2026-08-28T16:27:53","date_gmt":"2026-08-28T14:27:53","guid":{"rendered":"https:\/\/vaironsleslunetiers.com\/?post_type=product&#038;p=3083"},"modified":"2026-08-28T16:34:05","modified_gmt":"2026-08-28T14:34:05","slug":"capote-cc17-oro-antiguo-verde-copie","status":"publish","type":"product","link":"https:\/\/vaironsleslunetiers.com\/es\/producto\/capote-cc17-oro-antiguo-verde-copie\/","title":{"rendered":"Capote C393 \u2013 Negro \/ Azul"},"content":{"rendered":"<p>Con su forma rectangular estructurada y su montura de titanio, el modelo C393 destaca por su dise\u00f1o llamativo sin dejar de ser ligero. Su montura negra se realza con un ribete plateado en el interior del marco, combinado con unas lentes azules degradadas.<\/p>\n<p>Perteneciente a la colecci\u00f3n <strong>Memento \u2013 Titanium<\/strong>, este modelo de Capote Eyewear combina l\u00edneas n\u00edtidas, precisi\u00f3n t\u00e9cnica y detalles contrastados. Su dise\u00f1o resalta la profundidad del negro y el brillo discreto del acabado plateado interior.<\/p>\n<p>Las lentes CR39 azules degradadas cuentan con un tratamiento antirreflejos en la cara interna. No son polarizadas.<\/p>\n<h2>Modelo oficial de Capote Eyewear<\/h2>\n<p>La montura viene con su estuche y su pa\u00f1o oficiales de Capote Eyewear.<\/p>\n<h2>Detalles del modelo<\/h2>\n<ul>\n<li>Marca: Capote Eyewear<\/li>\n<li>Modelo: C393<\/li>\n<li>Colecci\u00f3n: Memento \u2013 Titanium<\/li>\n<li>Color: Negro \/ Azul<\/li>\n<li>Lentes: CR39 azules degradadas, sin polarizar<\/li>\n<li>Tratamiento: antirreflejos en la cara interna<\/li>\n<li>Estilo: unisex<\/li>\n<li>Forma: rectangular<\/li>\n<li>Dimensiones: 48\u201321\u2013145 mm<\/li>\n<li>Material: titanio<\/li>\n<li>Acabado: negro con ribete plateado en el interior de la montura<\/li>\n<li>Fabricaci\u00f3n: microproducci\u00f3n artesanal en Jap\u00f3n<\/li>\n<li>Dise\u00f1o: creado en Ibiza<\/li>\n<\/ul>\n","protected":false},"excerpt":{"rendered":"<p>Una montura rectangular de titanio negro, realzada con un ribete plateado en el interior y lentes CR39 azules degradadas con tratamiento antirreflejos interno.<\/p>\n","protected":false},"featured_media":3085,"template":"","meta":[],"product_brand":[],"product_cat":[274,275],"product_tag":[],"class_list":["post-3083","product","type-product","status-publish","has-post-thumbnail","product_cat-gafas-de-sol","product_cat-la-seleccion-de-la-tienda","first","instock","sold-individually","taxable","shipping-taxable","purchasable","product-type-simple"],"yoast_head":"<!-- This site is optimized with the Yoast SEO plugin v28.3 - https:\/\/yoast.com\/product\/yoast-seo-wordpress\/ -->\n<title>Capote C393 \u2013 Negro \/ Azul - Vairons Les Lunetiers<\/title>\n<meta name=\"description\" content=\"D\u00e9couvrez notre mod\u00e8le Capote C393 \u2013 Negro \/ Azul . Commandez directement en ligne.\" \/>\n<meta name=\"robots\" content=\"index, follow, max-snippet:-1, max-image-preview:large, max-video-preview:-1\" \/>\n<link rel=\"canonical\" href=\"https:\/\/vaironsleslunetiers.com\/es\/producto\/capote-cc17-oro-antiguo-verde-copie\/\" \/>\n<meta property=\"og:locale\" content=\"es_ES\" \/>\n<meta property=\"og:type\" content=\"article\" \/>\n<meta property=\"og:title\" content=\"Capote C393 \u2013 Negro \/ Azul - Vairons Les Lunetiers\" \/>\n<meta property=\"og:description\" content=\"D\u00e9couvrez notre mod\u00e8le Capote C393 \u2013 Negro \/ Azul . Commandez directement en ligne.\" \/>\n<meta property=\"og:url\" content=\"https:\/\/vaironsleslunetiers.com\/es\/producto\/capote-cc17-oro-antiguo-verde-copie\/\" \/>\n<meta property=\"og:site_name\" content=\"Vairons Les Lunetiers\" \/>\n<meta property=\"article:modified_time\" content=\"2026-08-28T14:34:05+00:00\" \/>\n<meta property=\"og:image\" content=\"https:\/\/vaironsleslunetiers.com\/wp-content\/uploads\/2026\/08\/01-capote-c393-black-blue.jpg\" \/>\n\t<meta property=\"og:image:width\" content=\"1920\" \/>\n\t<meta property=\"og:image:height\" content=\"1080\" \/>\n\t<meta property=\"og:image:type\" content=\"image\/jpeg\" \/>\n<meta name=\"twitter:card\" content=\"summary_large_image\" \/>\n<!-- \/ Yoast SEO plugin. -->","yoast_head_json":{"title":"Capote C393 \u2013 Negro \/ Azul - Vairons Les Lunetiers","description":"D\u00e9couvrez notre mod\u00e8le Capote C393 \u2013 Negro \/ Azul . Commandez directement en ligne.","robots":{"index":"index","follow":"follow","max-snippet":"max-snippet:-1","max-image-preview":"max-image-preview:large","max-video-preview":"max-video-preview:-1"},"canonical":"https:\/\/vaironsleslunetiers.com\/es\/producto\/capote-cc17-oro-antiguo-verde-copie\/","og_locale":"es_ES","og_type":"article","og_title":"Capote C393 \u2013 Negro \/ Azul - Vairons Les Lunetiers","og_description":"D\u00e9couvrez notre mod\u00e8le Capote C393 \u2013 Negro \/ Azul . Commandez directement en ligne.","og_url":"https:\/\/vaironsleslunetiers.com\/es\/producto\/capote-cc17-oro-antiguo-verde-copie\/","og_site_name":"Vairons Les Lunetiers","article_modified_time":"2026-08-28T14:34:05+00:00","og_image":[{"width":1920,"height":1080,"url":"https:\/\/vaironsleslunetiers.com\/wp-content\/uploads\/2026\/08\/01-capote-c393-black-blue.jpg","type":"image\/jpeg"}],"twitter_card":"summary_large_image","schema":{"@context":"https:\/\/schema.org","@graph":[{"@type":"WebPage","@id":"https:\/\/vaironsleslunetiers.com\/es\/producto\/capote-cc17-oro-antiguo-verde-copie\/","url":"https:\/\/vaironsleslunetiers.com\/es\/producto\/capote-cc17-oro-antiguo-verde-copie\/","name":"Capote C393 \u2013 Negro \/ Azul - Vairons Les Lunetiers","isPartOf":{"@id":"https:\/\/vaironsleslunetiers.com\/es\/#website"},"primaryImageOfPage":{"@id":"https:\/\/vaironsleslunetiers.com\/es\/producto\/capote-cc17-oro-antiguo-verde-copie\/#primaryimage"},"image":{"@id":"https:\/\/vaironsleslunetiers.com\/es\/producto\/capote-cc17-oro-antiguo-verde-copie\/#primaryimage"},"thumbnailUrl":"https:\/\/vaironsleslunetiers.com\/wp-content\/uploads\/2026\/08\/01-capote-c393-black-blue.jpg","datePublished":"2026-08-28T14:27:53+00:00","dateModified":"2026-08-28T14:34:05+00:00","description":"D\u00e9couvrez notre mod\u00e8le Capote C393 \u2013 Negro \/ Azul . Commandez directement en ligne.","breadcrumb":{"@id":"https:\/\/vaironsleslunetiers.com\/es\/producto\/capote-cc17-oro-antiguo-verde-copie\/#breadcrumb"},"inLanguage":"es","potentialAction":[{"@type":"ReadAction","target":["https:\/\/vaironsleslunetiers.com\/es\/producto\/capote-cc17-oro-antiguo-verde-copie\/"]}]},{"@type":"ImageObject","inLanguage":"es","@id":"https:\/\/vaironsleslunetiers.com\/es\/producto\/capote-cc17-oro-antiguo-verde-copie\/#primaryimage","url":"https:\/\/vaironsleslunetiers.com\/wp-content\/uploads\/2026\/08\/01-capote-c393-black-blue.jpg","contentUrl":"https:\/\/vaironsleslunetiers.com\/wp-content\/uploads\/2026\/08\/01-capote-c393-black-blue.jpg","width":1920,"height":1080,"caption":"Capota C393 negra\/azul."},{"@type":"BreadcrumbList","@id":"https:\/\/vaironsleslunetiers.com\/es\/producto\/capote-cc17-oro-antiguo-verde-copie\/#breadcrumb","itemListElement":[{"@type":"ListItem","position":1,"name":"Home","item":"https:\/\/vaironsleslunetiers.com\/es\/"},{"@type":"ListItem","position":2,"name":"Tienda","item":"https:\/\/vaironsleslunetiers.com\/es\/tienda\/"},{"@type":"ListItem","position":3,"name":"Capote C393 \u2013 Negro \/ Azul"}]},{"@type":"WebSite","@id":"https:\/\/vaironsleslunetiers.com\/es\/#website","url":"https:\/\/vaironsleslunetiers.com\/es\/","name":"Vairons Les Lunetiers","description":"Nos lunettes sont uniques comme vous.","publisher":{"@id":"https:\/\/vaironsleslunetiers.com\/es\/#organization"},"potentialAction":[{"@type":"SearchAction","target":{"@type":"EntryPoint","urlTemplate":"https:\/\/vaironsleslunetiers.com\/es\/?s={search_term_string}"},"query-input":{"@type":"PropertyValueSpecification","valueRequired":true,"valueName":"search_term_string"}}],"inLanguage":"es"},{"@type":"Organization","@id":"https:\/\/vaironsleslunetiers.com\/es\/#organization","name":"Vairons Les Lunetiers","url":"https:\/\/vaironsleslunetiers.com\/es\/","logo":{"@type":"ImageObject","inLanguage":"es","@id":"https:\/\/vaironsleslunetiers.com\/es\/#\/schema\/logo\/image\/","url":"https:\/\/vaironsleslunetiers.com\/wp-content\/uploads\/2026\/06\/cropped-Vairons-Paris-logo.png","contentUrl":"https:\/\/vaironsleslunetiers.com\/wp-content\/uploads\/2026\/06\/cropped-Vairons-Paris-logo.png","width":1694,"height":484,"caption":"Vairons Les Lunetiers"},"image":{"@id":"https:\/\/vaironsleslunetiers.com\/es\/#\/schema\/logo\/image\/"}}]}},"_links":{"self":[{"href":"https:\/\/vaironsleslunetiers.com\/es\/wp-json\/wp\/v2\/product\/3083","targetHints":{"allow":["GET"]}}],"collection":[{"href":"https:\/\/vaironsleslunetiers.com\/es\/wp-json\/wp\/v2\/product"}],"about":[{"href":"https:\/\/vaironsleslunetiers.com\/es\/wp-json\/wp\/v2\/types\/product"}],"wp:featuredmedia":[{"embeddable":true,"href":"https:\/\/vaironsleslunetiers.com\/es\/wp-json\/wp\/v2\/media\/3085"}],"wp:attachment":[{"href":"https:\/\/vaironsleslunetiers.com\/es\/wp-json\/wp\/v2\/media?parent=3083"}],"wp:term":[{"taxonomy":"product_brand","embeddable":true,"href":"https:\/\/vaironsleslunetiers.com\/es\/wp-json\/wp\/v2\/product_brand?post=3083"},{"taxonomy":"product_cat","embeddable":true,"href":"https:\/\/vaironsleslunetiers.com\/es\/wp-json\/wp\/v2\/product_cat?post=3083"},{"taxonomy":"product_tag","embeddable":true,"href":"https:\/\/vaironsleslunetiers.com\/es\/wp-json\/wp\/v2\/product_tag?post=3083"}],"curies":[{"name":"wp","href":"https:\/\/api.w.org\/{rel}","templated":true}]}}

<p>Con su forma rectangular estructurada y su montura de titanio, el modelo C393 destaca por su diseño llamativo sin dejar de ser ligero. Su montura negra se realza con un ribete plateado en el interior del marco, combinado con unas lentes azules degradadas.</p>
<p>Perteneciente a la colección <strong>Memento – Titanium</strong>, este modelo de Capote Eyewear combina líneas nítidas, precisión técnica y detalles contrastados. Su diseño resalta la profundidad del negro y el brillo discreto del acabado plateado interior.</p>
<p>Las lentes CR39 azules degradadas cuentan con un tratamiento antirreflejos en la cara interna. No son polarizadas.</p>
<h2>Modelo oficial de Capote Eyewear</h2>
<p>La montura viene con su estuche y su paño oficiales de Capote Eyewear.</p>
<h2>Detalles del modelo</h2>
<ul>
<li>Marca: Capote Eyewear</li>
<li>Modelo: C393</li>
<li>Colección: Memento – Titanium</li>
<li>Color: Negro / Azul</li>
<li>Lentes: CR39 azules degradadas, sin polarizar</li>
<li>Tratamiento: antirreflejos en la cara interna</li>
<li>Estilo: unisex</li>
<li>Forma: rectangular</li>
<li>Dimensiones: 48–21–145 mm</li>
<li>Material: titanio</li>
<li>Acabado: negro con ribete plateado en el interior de la montura</li>
<li>Fabricación: microproducción artesanal en Japón</li>
<li>Diseño: creado en Ibiza</li>
</ul>

<!-- This site is optimized with the Yoast SEO plugin v28.3 - https://yoast.com/product/yoast-seo-wordpress/ -->
<title>Capote C393 – Negro / Azul - Vairons Les Lunetiers</title>
<meta name="description" content="Découvrez notre modèle Capote C393 – Negro / Azul . Commandez directement en ligne." />
<meta name="robots" content="index, follow, max-snippet:-1, max-image-preview:large, max-video-preview:-1" />
<link rel="canonical" href="https://vaironsleslunetiers.com/es/producto/capote-cc17-oro-antiguo-verde-copie/" />
<meta property="og:locale" content="es_ES" />
<meta property="og:type" content="article" />
<meta property="og:title" content="Capote C393 – Negro / Azul - Vairons Les Lunetiers" />
<meta property="og:description" content="Découvrez notre modèle Capote C393 – Negro / Azul . Commandez directement en ligne." />
<meta property="og:url" content="https://vaironsleslunetiers.com/es/producto/capote-cc17-oro-antiguo-verde-copie/" />
<meta property="og:site_name" content="Vairons Les Lunetiers" />
<meta property="article:modified_time" content="2026-08-28T14:34:05+00:00" />
<meta property="og:image" content="https://vaironsleslunetiers.com/wp-content/uploads/2026/08/01-capote-c393-black-blue.jpg" />
	<meta property="og:image:width" content="1920" />
	<meta property="og:image:height" content="1080" />
	<meta property="og:image:type" content="image/jpeg" />
<meta name="twitter:card" content="summary_large_image" />
<!-- / Yoast SEO plugin. -->

Découvrez notre modèle Capote C393 – Negro / Azul . Commandez directement en ligne.
